7 - -52) - (25 - 6)?
13
Calculate 0 + -1 + -46 + 24 + (-57 - -19).
-61
What is 42 + 13 + -43 + (0 - (16 - -6))?
-10
Evaluate (122 - 49 - 68) + 0 + 5 + (3 - 7).
6
55 - 37 - (-31 - -15 - -24)
10
Evaluate 3 - 53 - (2 + -30 + 60 + -46).
-36
0 + -12 + 0 + 59 + (-22 - -4) + 8
37
What is the value of (0 - 0) + -5 + (96 - 94) - (30 - -18)?
-51
What is (1 + 0 - 9) + -7 + (-40 - (-8 - -2))?
-49
What is the value of -25 + (60 - (53 - -8))?
-26
What is the value of (26 - (-18 + 28)) + -33 + -12?
-29
(-63 - (-5 - -2) - 0) + (-35 - -24) - -11
-60
Evaluate (17 - 25 - 4) + -2 + -42.
-56
(-9 - -4 - -9) + (-3 - 4) - (-1 - -83)
-85
18 + 12 + -8 + -5 + -11 + 10 - 5
11
Evaluate (36 - -53 - 215) + 84.
-42
6 + (12 - 8 - 2) - (15 + -4)
-3
-2119 + 2122 - (-1 + (1 - 2) + -1 + 27)
-21
Evaluate (4 - (-1 + 4 - 2)) + 0 + 4 - 19.
-12
(1 - 58) + (-80 - -96) + -36 + 2
-75
(-5 - (20 - -33)) + 55
-3
-2 + (2 - -1) - (126 + -128) - (0 + 35)
-32
What is -83 - (-13 + 35 + -17) - (-3 + 10 - 6)?
-89
What is -1 + 1 + (78 + -44 - 4)?
30
What is the value of (-22 - (-37 + 46)) + (3 - -5 - -1)?
-22
(-16 - 125 - -9) + -1 + -5
-138
Calculate 10 + -59 + -69 + 136.
18
What is the value of 22 + -11 - (78 + -15) - (0 + -10)?
-42
What is the value of (-107 - (-48 - -25) - 2) + 29?
-57
(23 - 6) + 1 - (-134 - -108)
44
-38 + 95 - 88 - (-22 + 2)
-11
What is -3 + (1 - (16 - -14)) - (15 - 2)?
-45
What is the value of 1174 + -1183 + (17 - (2 - 0)) + 55?
61
100 + -67 + -95 + 67
5
(1 - (-9 + -6 + (19 - 10))) + (-3 - 0)
4
Evaluate (-131 - 7) + (-18 - (9 + -42)).
-123
Evaluate 14 - ((-5 - -5) + -12 + 12) - 2.
12
-84 + 148 + -69 - (-2 - -64)
-67
Evaluate 42 - 30 - (4 + -10 + -3 + 15).
6
What is the value of -948 + 964 - (1 + 1 + 0 - -5)?
9
What is the value of -1 - 4 - (238 - 235) - -4?
-4
Evaluate (27 - 4) + (-32 - -23 - 9).
5
What is the value of 33 - (-53 - (-1 - 92))?
-7
-1468 + 1529 - (-52 + -6)
119
What is the value of (18 - 12) + 35 + -7 + 41 + -22?
53
What is the value of (-9 - -23) + -3 - (-19 + 25)?
5
Evaluate (2 - ((5 - 3) + -21)) + 682 + -667.
36
What is the value of (0 - 0 - (-107 - -97)) + -13 + 19?
16
What is the value of -48 - (16 + 61 + -54)?
-71
What is 23 - (33 - (-54 - -42))?
-22
What is -47 - -162 - (-60 + 129)?
46
Evaluate 8 - 6 - (-70 + (4 - -8) - -11).
49
What is the value of -7 - -108 - (-32 - ((15 - 15) + -14))?
119
Calculate 30 + -69 - (44 - 94).
11
1 + (-15 + 6 - 3) - (-73 + 15)
47
Evaluate 120 - (-10 - (85 - 127)).
88
What is -61 - (-22 - (28 - 53))?
-64
Calculate -15 + -3 + 4 + (3 - -2) + -11.
-20
What is the value of 34 + 8 - (-536 - -579)?
-1
Evaluate (-84 - -67) + 53 + -109.
-73
What is (70 - 143) + 22 - 88?
-139
-8 + 12 + 6 + (-5 - 0) - (0 + 43)
-38
Evaluate 67 - (60 + -63 - (-4 - 3)).
63
Calculate 22 + -66 + -13 + 62.
5
Evaluate 1 - -45 - (-1949 + 2016).
-21
59 - (15 + (-13 + 37 - 48))
68
35 - (-27 - (-148 - -46))
-40
What is 121 + -50 + 26 + -87?
10
Calculate -122 - (191 - 254) - (19 + 1).
-79
Evaluate -6 + 1 - (-44 + (75 - (45 - 12))).
-3
86 + 13 + -14 + 2 + (-7 - (-2 - 2))
84
Evaluate 15832 - 15810 - (1 - 1).
22
10 - (-16 - -38) - (-5 + 10 + 14)
-31
Calculate (31 - (-13 + 94)) + 65.
15
What is 21 + (-74 - 3) + 126?
70
Calculate -50 - ((51 - 8) + -74).
-19
What is the value of (6 - -41) + 27 - 42?
32
What is 56 + -12 + 67 + -57?
54
Evaluate 4 - 2 - (-104 - 39 - -101).
44
12 + 0 + 1 + -318 + 306
1
-8 - 142 - (759 - 840)
-69
What is 575 - 630 - (4 - (-4 + 28))?
-35
Calculate 10 - 0 - (210 + -303 + 175).
-72
(-5 - -3 - -14) + (-39 + 36 - -1) - 55
-45
What is the value of (0 - 3) + -3 + ((-30 - 17) + 20 - 0)?
-33
Calculate 45 + -75 - (-11 + (-6 - -5)) - -56.
38
Evaluate 2 + -39 - (13 - (215 + -111)).
54
What is the value of 12 + (101 - 72) + (-1 - 3) + (9 - 1)?
45
Calculate (-43664 - -43665) + (1 - (40 + 2)).
-40
Evaluate (40 - -15 - -26) + 21 + 0 + -20.
82
Evaluate (86 - 77) + 2 + (10 - 20) + 3 + -6.
-2
What is the value of 49 - (234 + (21 - 132))?
-74
What is the value of 13 + -1 - (63 + -15 + (15 - 41) + 44)?
-54
16 - (0 - -2) - (36 + 45 + -84)
17
Calculate 124 + -20 - 19 - (-2 - -15).
72
What is the value of -3 - (6 - (1 + 4 - 7 - -9))?
-2
Calculate (-2 - (-3 - ((19 - 11) + -4))) + -73 + 14.
-54
Calculate -106 + (149 - (-41 - -110)).
-26
What is the value of (-4 + -3 + (-43 - -45) + 37 - -3) + 11?
46
What is the value of 1235 + -1225 + (-11 - (-3 + 4))?
-2
What is -19 + 31 + -14 + (-35 - -30 - (-42 + 1))?
34
What is -11 - (-103 - -69) - (0 - 14)?
37
What is the value of 1 - 19 - (-8 + 14) - -66?
42
Evaluate (-13 - (-9 - 14) - 15) + -5 + 24 + -1.
13
What is -17 - 40 - -96 - (-17 - -1)?
55
What is the value of -11 + 29 + (-36 - -25 - 69)?
-62
Calculate -43 + (1 - 0 - (117 + -122)).
-37
Calculate -7 - (43 - (-40 - -18) - 25).
-47
(-7 - (-88 + 83)) + 10 + 1 + 0 - 77
-68
What is 160 - (163 - -43) - (-5 - (0 + (1 - 2)))?
-42
Evaluate (60 - (-4 - -15)) + (-27 - -21 - (3 - 19)).
59
Calculate (-37 - (-11 + 17)) + -64 - (-15 + -1).
-91
What is the value of 12 - (-117 - -107 - ((3 - 19) + 2))?
8
Evaluate (110 - (-123 - -172)) + -184.
-123
Calculate -1 - (-2 - (-3 + 2)) - (21 - (-149 + 147)).
-23
What is (-152 - -193) + 2 + -36?
7
-106 + 124 - (30 + 0) - -35
23
What is -20 + 24 + -9 + -6 + 4 + 3 + -45?
-49
What is (-2 + 1 - -5) + (-3 - (-27 + 6)) + -18?
4
Evaluate 23 + -2 + -74 + -7 + -11.
-71
Calculate -5727 + 5553 - (-112 + 1).
-63
What is 1 + (-55 - (0 + 1)) + (28341 - 28359)?
-73
Calculate (-55 - (-44 - (-2 + -23))) + -2 + 2.
-36
Evaluate -19 + 29 - -82 - 57.
35
Calculate -18 + 47 + -18 - 67 - ((8 - 3) + -5).
-56
What is the value of -16 + 20 + 0 + (4 - (36 + 0 + -9))?
-19
Evaluate 54 - 0 - (2 + 8 - (147 + -143)).
48
Calculate -11 + 36 + -18 - (30 - 7 - -43).
-59
Calculate (11 - 2) + (4 - 4) - (29 - 58).
38
What is the value of -93 + 90 - 122 - -220?
95
What is -7 + 30 - 54 - -47 - 93?
-77
Evaluate 55 + 94 + -255 + 112.
6
(-20 - 38) + -9 + 1 + -21 + 21 + -9
-75
Evaluate 8 + 1 - -10 - 29.
-10
Evaluate 94 - (11 + -38) - 61.
60
Calculate -10 + 0 + (-48 - (69 + -122)).
-5
-8 + 10 + 3 + -10 - 3 - -26
18
What is the value of -7 + -3 - ((3 - 1) + 14 + -33 + 8)?
-1
What is -48 - (-1 - -35 - (40 + 1))?
-41
What is 10 + (-7 - -61) - 124?
-60
What is the value of -2 + 107 - (-2258 - -2287)?
76
Calculate 0 - ((-15 - -24) + 36 + (-10 + 3 - -5)).
-43
What is -2 + (-25 - -11 - -35) + 8 - -4?
31
Evaluate -43 + 57 + -19 + (-2 - 4) + (53 - 1).
41
What is (-18 - (-17 - 22)) + 20 - -5?
46
Calculate 86 - (-8 - (-40 + -15)).
39
What is the value of (-1 - -22 - (3 + -3)) + -32 + -68 + 93?
14
Calculate (8 - -154 - (2 + 1)) + (-14 + -34 - -32).
143
(-7 + -3 - -4 - (-18 + 4 + 4)) + 43
47
Evaluate 43 - (11 + -2 + 5 + -27 + 22 - 4).
38
Calculate -7 - -17 - (-7 - (-54 + -7) - 1 - -4).
-47
What is the value of (21 - 0 - 102) + -3?
-84
Calculate 745 + -692 + (1 - 76).
-22
What is the value of 28 - (-86 + 89 + 0 + 0 + 6 - 0)?
19
-107 - (30 + -115) - 89
-111
Calculate -3 + 5 + -7 + -58 + 3 + 12 + -17.
-65
(-2 - -2 - -5) + (-1 - -5) + -3 + 30
36
What is -75 + 3 + -806 + 791?
-87
(1 - 1) + (169 - 179 - -18)
8
-9 + 4 - (-4 + -69) - (1 + -16 + 10)
73
What is the value of 217 + -120 - 92 - (-1 - -29)?
-23
Calculate 1 - 12 - (-22 + 4).
7
What is the value of 21 - ((52 - 32) + 112)?
-111
What is the value of -21 - (-33 - (-11 - (26 - 44)))?
19
What is 18 - (3 + (-9 - -24) + -5)?
5
Evaluate (-1 - -2 - -36) + (-43 + (97 - 23) - 39).
29
Calculate -157 + 109 + 30 + -2 - (5 + 66).
-91
What is the value of 16309 - 16322 - (-2 - (0 + 19))?
8
What is -141 - -186 - (28 + 65)?
-48
What is the value of 47 - (179 + -61) - (-10 + -2 - -2)?
-61
What is 21 + 20 + -69 - (0 + -64)?
36
What is the value of (45 - 18) + -24 + (-60 - (-3 + -2 + 2))?
-54
Calculate -6 - (30 + (-14 - 1 - -8)).
-29
(25 - 20 - -52) + (27 - 5)
79
What is the value of (-12 - 9) + -108 + 63 - 22?
-88
Evaluate 18 + (2 + 12 - 140 - -34).
-74
What is the value of -14 - (-55 - 11) - (-52 + 76)?
28
Evaluate 62 + -103 - -108 - 6.
61
What is (56 - (-112 + 226)) + (-2 - (1 - 2))?
-59
What is the value of 13 - 42 - ((-3 - (-5 + -1) - 7) + -2)?
-23
What is -32 - (4 + 31 - 25)?
-42
What is the value of 59 + (43 - (58 - -41))?
3
Evaluate -32 + -23 + -44 + 0 + 17.
-82
(5 - (-21 - -14)) + -9 + 14 + -11 - 58
-52
What is the value of (162 - 1) + -40 + -57?
64
What is 2592 